(l) = l**3 + 6*l**2 + 6*l + 2. Let o be z(-4). Suppose -5*j = -o*j + 215. Let h = -30 + j. Calculate the highest common factor of h and 117.
13
Let q be ((-2)/1)/(-6) + (-260)/(-39). What is the greatest common divisor of q and 7?
7
Suppose -4*h + 85 = 17. Let w(t) = -t**3 - t**2 - 3*t + 4. Let q be w(-5). What is the greatest common factor of h and q?
17
Suppose 138 = 2*k + q - 3*q, -5*k + 348 = -2*q. Calculate the highest common divisor of k and 28.
14
Let j be 12 - (48/4)/4. Suppose -j*p + 12 = -5*p. What is the highest common divisor of 27 and p?
3
Let b(u) = -u + 9. Let d be b(0). What is the greatest common factor of 72 and d?
9
Let k = -2 + 13. Calculate the highest common divisor of 55 and k.
11
Let r be (57 - 2) + (-10 - -4 - -5). Calculate the highest common factor of r and 36.
18
Let m be 0/(2*(-2)/(-4)). Suppose -2*k - 2*k - 5*l + 13 = m, -5*l + 15 = 5*k. Let a be k*(-2)/4 + 10. What is the greatest common divisor of a and 36?
9
Let j = 143 + -31. Suppose 3*l + 72 = w, -3*l - 44 = -2*w + j. Calculate the highest common factor of w and 21.
21
Suppose -3*l = 5*q + 180, -q + 3*l + 114 = -4*q. Let a = q + 83. Calculate the greatest common factor of 20 and a.
10
Let q be (71/2)/((-1)/(-4)). Let g = q - 100. What is the greatest common divisor of 14 and g?
14
Let z(a) = 3*a. Let y be z(2). Let r(p) = p**2 - 5*p - 7. Let x be r(y). Let v = x + 3. What is the highest common factor of 18 and v?
2
Let b = 0 + 5. Suppose 0*f - 85 = -b*f + 5*p, -4*p = -5*f + 81. Calculate the greatest common factor of 143 and f.
13
Let w(p) be the first derivative of -5*p**2/2 + p + 4. Let o be w(-1). Suppose o*g + 66 = 8*g. Calculate the highest common divisor of 3 and g.
3
Suppose 0*v = 5*v + 10. Let i be (1 - 1) + 14 + v. What is the highest common divisor of 48 and i?
12
Suppose -12*v + 456 = -4*v. Calculate the greatest common divisor of 38 and v.
19
Let b be 99/15 - 4/(-10). Suppose 4*w - 6*w = -14. Calculate the greatest common factor of w and b.
7
Suppose 0 = 2*q - m - 51, -4*m - 5 = -1. Suppose -4*k + 295 = -5*a, 2*a = -2*k - 30 + 182. What is the greatest common factor of k and q?
25
Let p be -84*2/(8/(-3)). What is the highest common divisor of 7 and p?
7
Let x(r) = r**3 - 4*r - 3. Let a be x(4). What is the highest common divisor of 18 and a?
9
Let z(n) = 36*n**2 + n - 2. Let a be z(-2). Calculate the greatest common factor of 28 and a.
28
Let v be (-9)/(135/(-10))*3. Calculate the greatest common factor of 2 and v.
2
Let b = 21 + -33. Let c be (1/(-3))/(2/b). Suppose 4*m = c*m + 6. What is the greatest common factor of 15 and m?
3
Let o = -250 - -418. Calculate the greatest common factor of o and 24.
24
Let a be 1/((3/2)/3). Suppose -5 = -w - a*l - 2*l, -3*w - 5*l + 8 = 0. Let r = -345 + 347. Calculate the highest common divisor of w and r.
1
Suppose -x - 4*n = -58 - 26, -5*x + 2*n + 398 = 0. Calculate the highest common divisor of 20 and x.
20
Let z = 1 + -2. Let l = z - -2. Let g be l*-2 - (-3 - 54). Calculate the greatest common divisor of g and 11.
11
Suppose 10*c = 9*c + 42. Calculate the greatest common factor of 21 and c.
21
Let w(r) = -r**3 + 24*r**2 + 2*r - 35. Let g be w(24). Suppose 0*x + 15 = x. Suppose 2*h - x - g = 0. What is the greatest common factor of 70 and h?
14
Suppose 0 = -2*n - n + 6. Let o = n + 61. Let g = -7 - -14. Calculate the greatest common factor of o and g.
7
Let b be 3/((-62)/(-14) - 4). Let z be 2/9 - 3074/(-18). Suppose -5*s + 109 = -z. What is the greatest common divisor of s and b?
7
Let v be 117/27 - (-2)/3. Let m = 0 + 5. Calculate the greatest common factor of v and m.
5
Let z(k) = 2*k**2 - 11*k - 33. Let s be z(-6). What is the highest common divisor of 30 and s?
15
Let b = 22 - 37. Let x be (4/6)/((-2)/b). Calculate the greatest common factor of x and 25.
5
Let g = 11 + -10. Calculate the greatest common divisor of 2 and g.
1
Let l(d) = -d**3 + 5*d**2 + 9*d - 7. Let n be l(6). Let b(g) = -g**3 + 8*g**2 - 9*g - 7. Let q be b(6). What is the greatest common divisor of n and q?
11
Let o = -1 - -4. Let n be 2*o*(3 - -2). Suppose 3 = 7*m - 6*m. What is the greatest common factor of m and n?
3
Let d = 37 + -20. What is the highest common divisor of d and 51?
17
Let h(o) be the first derivative of o**4/4 + o**3/3 + 2*o - 2. Let w be h(-2). Let x be (w - 2)/(1/(-2)). What is the highest common factor of 4 and x?
4
Let b(l) = -l**3 - 7*l**2 - 8*l - 6. Let i be b(-6). Suppose -3*r + 82 = -2*t - i, -2*t + 168 = 5*r. Calculate the greatest common factor of r and 80.
16
Let z be (0 - -1)*-1 - -2. Suppose -d + z = -4. Calculate the greatest common factor of 55 and d.
5
Let p(i) = -3*i**2 - 3*i + 16*i**2 - 3*i**2 - 1. Let n be p(6). Calculate the highest common factor of 31 and n.
31
Let f(z) = 2*z + 22. Let p be f(-9). Suppose -5*a - 121 = -2*j, -p*j - 3*a = -215 - 40. Calculate the greatest common divisor of j and 21.
21
Let r = -10 - -148. Suppose -z - 3*d = -d - 47, -3*z - 3*d + r = 0. What is the greatest common divisor of 30 and z?
15
Suppose 5*c - 387 - 218 = 0. Let p(j) = j**2 - 12*j - 17. Let r be p(14). What is the highest common factor of r and c?
11
Let d be (-2)/1*(-1)/2. Let r = -3 + 4. Let p be d/((r + 0)/6). What is the highest common factor of p and 66?
6
Suppose 4*x = 145 + 7. Let t = x - 12. What is the greatest common divisor of 65 and t?
13
Let r(m) = -m - 5. Let d = -7 - 0. Let p be r(d). Let a(k) = 2*k + 2. Let t be a(p). What is the greatest common factor of 18 and t?
6
Let t(a) = 4*a - 4. Let o be t(5). Calculate the highest common factor of o and 64.
16
Let w = 48 + -26. Calculate the highest common divisor of w and 33.
11
Let r be 26/(-104) + 45/4. Calculate the greatest common factor of 88 and r.
11
Let n(y) = -y**3 + 6*y**2 + y + 2. Let b be n(4). Suppose 2*x - 19 - 11 = -2*d, 5*x - 103 = 2*d. Calculate the highest common factor of b and x.
19
Let x = 1 + 1. Suppose -4*y + 5 = x*k - 19, 0 = y - 2. Calculate the greatest common divisor of k and 24.
8
Suppose 8 = 2*u + 4*s, s = -u + 2*s + 7. Let t = 12 - u. Calculate the greatest common divisor of 54 and t.
6
Let s = 80 + -57. Calculate the greatest common divisor of s and 69.
23
Let x(d) = d**2 - d - 2. Let t be x(3). Suppose -4*v = t*b - 120 - 28, -16 = -4*v. Suppose 7*l - 15 = 2*l. What is the greatest common divisor of l and b?
3
Suppose 3*i - 142 = 122. Suppose 0 = -2*r + 5*r + 75. Let c = i + r. What is the highest common divisor of 9 and c?
9
Let l(v) be the second derivative of v**4/3 - v**3/3 + 5*v**2/2 + 2*v. Let z be l(-4). What is the highest common divisor of z and 7?
7
Suppose -f = 2*f - 24. Let d(y) = -y**3 - y**2 - 5*y - 4. Let t be 10/(-5)*(-2 + 4). Let l be d(t). What is the greatest common divisor of l and f?
8
Suppose 0*a + 144 = 2*a. Suppose -g + 3*o - 3 = 3, -20 = -4*o. What is the greatest common divisor of g and a?
9
Let t(c) = c**2 + 8*c + 4. Let z be t(8). Calculate the greatest common factor of 12 and z.
12
Let m(i) = -6*i - 15. Let h be m(-8). Let o = h - 14. Calculate the highest common factor of o and 209.
19
Let c be 3 + -1 - 2 - 138. Let m = -63 - c. Calculate the greatest common factor of m and 30.
15
Suppose 2*f = 6*f - 8. Suppose 3*s - 15 = f*m - 96, 2*m = -s + 61. Suppose -9 = -l + m. Calculate the highest common factor of 6 and l.
6
Suppose 0*t + 12 = 4*t. What is the highest common divisor of t and 1?
1
Let d be (10/6)/(1/6). Let l(h) = h**2 + 9*h - 5. Let i be l(-8). Let t = i + 18. What is the highest common factor of d and t?
5
Suppose 4*b - 3 = 13. Suppose -b*h - 25 = -105. What is the greatest common divisor of h and 160?
20
Let d(r) = -r**2 + 6*r + 9. Let x be d(7). What is the greatest common factor of x and 8?
2
Suppose -3*v + 3*x + 17 + 7 = 0, -5*v = 4*x - 40. Calculate the greatest common factor of 32 and v.
8
Let v(z) = z**2 - 5*z + 7. Let r be v(6). Calculate the highest common factor of r and 13.
13
Let p = 36 + -17. What is the highest common factor of p and 57?
19
Suppose -2*l = -2 - 8. Let d = l + -3. Suppose -d*n + 2*k + 106 = 0, 2*k = 4*n + 24 - 238. What is the greatest common factor of n and 9?
9
Let g(y) = 36*y. Let m be g(1). Suppose -i = -0 - m. Calculate the highest common factor of 4 and i.
4
Let o be (0 - -1) + (-39)/(-3). Let s be 1116/10 + 4/10. Calculate the greatest common